 d = 98 - 17. Calculate the greatest common factor of d and 9.
9
Let g(l) = l - 1. Let n be (-10)/(-8) - 1/4. Let s be g(n). Suppose s = 4*j - 271 - 29. Calculate the highest common factor of 30 and j.
15
Let h = 30 - -24. What is the greatest common factor of 36 and h?
18
Let o(u) = u**3 + u**2 - 4*u. Let c be o(4). Let n be (15/(-2))/((-24)/c). What is the highest common factor of n and 20?
20
Let y = 11 - 10. Calculate the greatest common divisor of y and 11.
1
Let n = -21 - -29. What is the greatest common factor of n and 248?
8
Let j = 76 - 25. Calculate the highest common divisor of j and 17.
17
Let j = -66 + 92. Let i be 52/6*45/6. What is the highest common divisor of i and j?
13
Suppose 5*z - 3*z - q - 15 = 0, q = -2*z + 21. Calculate the highest common divisor of 18 and z.
9
Suppose j = 3 + 2. Suppose 1 + j = s. Suppose 8*g + 1188 = 26*g. What is the highest common divisor of s and g?
6
Let w be 26/(-65) + (1662/5 - 2). Calculate the greatest common factor of 30 and w.
30
Suppose 0 = -4*x - 3 - 5. Let z be (1 + x)*81/(-9). Calculate the greatest common divisor of 6 and z.
3
Suppose -2*n + 4*h = 4, 2*h = 4*n - 0*h - 16. Let o be (4/n)/(4/42). Let k = 162 + -113. Calculate the greatest common factor of o and k.
7
Suppose -3*p = -4*p + 10. Suppose -2*d + 4*d = 4. Suppose 4*w - 2*n = 3*w + 40, -d*n - 100 = -3*w. Calculate the greatest common factor of p and w.
10
Let f(p) = -p - 1. Let l be f(-6). Calculate the highest common factor of l and 20.
5
Let u(y) = 4*y + 2. Let h be u(1). Let t be ((-9)/(-12))/(h/48). Calculate the highest common factor of 12 and t.
6
Suppose x + 3*x + 20 = 0, t = 3*x + 23. Suppose -3*j - 3 = -4*j. Suppose -j*f = -t*f + 80. What is the highest common divisor of f and 144?
16
Suppose -4*n + 223 = 3*q, 5*q = -2*n + 3*n + 410. Calculate the greatest common divisor of 9 and q.
9
Let f = 5 + 11. Calculate the highest common divisor of 16 and f.
16
Suppose -188 = 9*j - 1052. Calculate the greatest common divisor of 24 and j.
24
Suppose 4*q = 6*q - 16. What is the highest common factor of 56 and q?
8
Let d = 69 + -61. Calculate the highest common divisor of 12 and d.
4
Let g(h) = 3*h + 2. Let s be g(-2). Let u be ((-6)/3)/(1/s). Calculate the greatest common divisor of 20 and u.
4
Suppose 0 = -5*x + 72 + 23. Suppose 0 = 3*k - 285. What is the greatest common divisor of x and k?
19
Let b = -21 + 34. What is the greatest common divisor of b and 91?
13
Let b be 1*-4*(-32)/2. Suppose -u + 2*s + 16 = -2*s, -32 = -2*u + 2*s. Calculate the highest common factor of b and u.
16
Let f = 1 + 2. Suppose 5*d + 5*y = 67 + 393, -4*d = -f*y - 389. What is the greatest common divisor of 38 and d?
19
Suppose 2*y = 10, o + 0*y = -y + 17. Let a = 245 - 91. Let c = -22 + a. What is the highest common divisor of o and c?
12
Suppose -5*q = -8*q + z + 121, -183 = -4*q - 3*z. Calculate the greatest common divisor of q and 7.
7
Let l = -3 + 5. Suppose -2*m + 0 = -4. Suppose 3 = -t - m*d + 9, 2*d - 10 = -3*t. What is the highest common divisor of l and t?
2
Let n(s) = s**2 + 3*s + 12. Let p be n(0). Calculate the greatest common factor of p and 60.
12
Suppose 5*x = -3*h + 700, x + 4*x - 2*h - 725 = 0. What is the highest common factor of x and 13?
13
Let u(d) = 132*d**3 - d**2 + 1. Let s be 3*4/6 + -1. Let m be u(s). Suppose 3*o = -5*r + 56, -o - 4*o = 2*r - 68. What is the greatest common factor of m and o?
12
Suppose 2*t + 6 = -2*r + 32, -2*t + 41 = 5*r. Let x be 46/t - 3/4. Let c = -3 + x. What is the greatest common factor of c and 4?
2
Let t = -8 - -11. Let u = 4 - 2. Suppose 0 = u*q - 5*q + 18. What is the greatest common divisor of t and q?
3
Suppose 3*r - 48 = -2*f, 64 - 2 = 4*r + 2*f. Calculate the greatest common factor of 14 and r.
14
Let q = 121 + 44. What is the greatest common factor of q and 15?
15
Suppose -5*u + 91 = 31. Let v be ((-24)/14)/(6/(-21)). Calculate the greatest common divisor of v and u.
6
Let s(g) = g**2 + 9*g + 2. Let l be s(-9). Suppose -13 = -5*f - 3*c, -f - 3*c - l = f. Let o = 1 + f. What is the highest common divisor of 48 and o?
6
Let a(v) = -6 + 2 - 6 - 5*v. Let b be a(-10). Calculate the highest common divisor of 10 and b.
10
Let l be 11 + (-45)/(-25) + (-8)/10. Calculate the highest common factor of 32 and l.
4
Suppose 3*u - 15 = 0, -2*k - k = -2*u + 4. What is the highest common factor of 10 and k?
2
Let f = -11 - -15. Suppose -2*x = 2*x - 8. Suppose 0*l + 8 = x*l. What is the highest common divisor of f and l?
4
Suppose s = 4*f - 20, 4*f - 30 = -s - 2. Suppose -h = -9 - f. What is the greatest common factor of 105 and h?
15
Suppose 3*u + 0 + 15 = 0. Let m be u/4*(0 - 4). Let j = -3 + m. Calculate the highest common divisor of 6 and j.
2
Let t be ((7 - 2) + -2)/1. Suppose -37 = -t*m - 4. Calculate the greatest common divisor of 77 and m.
11
Let h(j) = -2*j**3 - j. Let y be h(-1). Suppose -18 - 13 = -z - 5*i, y*i = 5*z - 15. What is the greatest common divisor of 2 and z?
2
Let i = -196 + 212. Let o(b) = b**3 + 5*b**2 + 2*b - 4. Let m be o(-3). What is the greatest common divisor of m and i?
8
Let x(d) = -2*d**3 - 27*d**2 - 13*d + 4. Let p be x(-13). What is the highest common factor of 20 and p?
4
Let c(i) = i**2 - 3*i - 1. Let l be c(6). Suppose 3*y + 5 = l. Let b be (-1 + -2)/(4/(-16)). Calculate the greatest common divisor of y and b.
4
Let g be 4/((-1)/(-1)) - -3. What is the greatest common factor of g and 28?
7
Let b be (1/(-2))/(8/(-64)). Suppose b*q = 8*q - 112. What is the highest common divisor of 84 and q?
28
Let a = 27 - 3. Let s = 25 - a. Calculate the highest common factor of 4 and s.
1
Suppose -4*y + 132 = -172. Let u = -8 + y. What is the greatest common divisor of u and 17?
17
Suppose 7*x = -1 + 29. What is the highest common divisor of 16 and x?
4
Let q(i) = i**3 - i**2 + i + 4. Let d be q(0). Suppose d*u + 3 - 7 = 0. Calculate the greatest common factor of u and 4.
1
Suppose 0*y - 3 = -4*y + 5*w, -4*y = -4*w - 4. Let q = 8 - y. Let a be -126*(8/q + -2). Calculate the highest common divisor of 12 and a.
12
Suppose 2*v = -3*d + 10, -d - v - 2 = v. Let a be 4/8 + d/4. Suppose 0 = -2*x - 3*t + 15 + 13, -3*t = -a*x + 16. What is the greatest common factor of x and 1?
1
Let x(h) = 3*h**2 + 4*h - 4. Let i be x(5). Let s = 20 - 5. Let c = s + -2. Calculate the greatest common factor of i and c.
13
Let w(q) = -2*q - 1. Let y be w(1). Let j = y + 9. Let a(u) = -u**3 - 41*u**2 - 177*u + 112. Let c be a(-36). What is the highest common factor of j and c?
2
Suppose 2*v = 5*a - 89, -4*v = -2*a - v + 29. Let w = a - 7. Let i = 59 - 35. Calculate the highest common divisor of i and w.
12
Let h be (-2 - 1)/1 + 107 + 1. What is the highest common factor of h and 30?
15
Suppose 5*o - 2*q = 21, 2*o - 1 = -q + 2. Suppose o*d = -0*d + 15. Suppose 3*j - 425 = -320. What is the greatest common factor of d and j?
5
Let a(m) = m**2 - 2*m - 1. Let d be a(-1). Suppose -6 = -d*i + 6. Let t(c) = 8*c**2 - 3*c - 15. Let p be t(-3). What is the greatest common divisor of p and i?
6
Let o = 80 + -57. Let z be (o + (-2)/(-1))/1. Calculate the greatest common divisor of z and 10.
5
Suppose 5*r + 5*z - 50 = -0*z, 5*r = -2*z + 47. Let v be 0 + (-2)/2*-3. Suppose -5*h - 241 = -v*f, -5 = -0*h + h. What is the highest common factor of f and r?
9
Suppose 2*d + 550 = 7*d. What is the highest common factor of 44 and d?
22
Let r be 2/4*120*2. Let y = r - 75. Suppose 4*x = -x + y. What is the greatest common factor of 45 and x?
9
Suppose 3*v = -3*h + 30, 0*h = -h + 2*v + 7. What is the greatest common divisor of 36 and h?
9
Let m(f) = f**3 + 4*f**2 + 3*f. Let b be m(-2). Suppose c - 48 = -b*c. Let p = c - 7. Calculate the greatest common factor of 72 and p.
9
Let v(x) = -9*x**3 - 4 - x + 3 + 0*x - 3*x**3 - x**2. Let j be v(-1). What is the highest common divisor of 55 and j?
11
Suppose 216 = 2*g + 86. Calculate the greatest common divisor of g and 26.
13
Let k be ((-10)/25)/((-4)/220). Calculate the greatest common divisor of 242 and k.
22
Let x(a) = -a**3 + 5*a**2 + 6*a. Let m be x(5). What is the highest common factor of 20 and m?
10
Let v(g) = -4 - 3 + 2 - 39*g. Let b be v(-9). Suppose 113 = 3*m - b. Calculate the greatest common factor of m and 17.
17
Suppose -3*b - 2*b + 70 = 0. Calculate the greatest common factor of b 